, 7
List the prime factors of 633.
3, 211
What are the prime factors of 717?
3, 239
List the prime factors of 11621.
11621
What are the prime factors of 47641?
11, 61, 71
What are the prime factors of 1794?
2, 3, 13, 23
What are the prime factors of 61274?
2, 30637
What are the prime factors of 4998?
2, 3, 7, 17
What are the prime factors of 41461?
7, 5923
List the prime factors of 35910.
2, 3, 5, 7, 19
List the prime factors of 2621.
2621
List the prime factors of 634.
2, 317
What are the prime factors of 25619?
11, 17, 137
List the prime factors of 49201.
49201
What are the prime factors of 8583?
3, 2861
What are the prime factors of 1362?
2, 3, 227
What are the prime factors of 1383?
3, 461
List the prime factors of 180168.
2, 3, 7507
What are the prime factors of 11467?
11467
What are the prime factors of 30214?
2, 15107
List the prime factors of 2101.
11, 191
List the prime factors of 4043.
13, 311
List the prime factors of 2346.
2, 3, 17, 23
List the prime factors of 5845.
5, 7, 167
What are the prime factors of 19790?
2, 5, 1979
What are the prime factors of 1560?
2, 3, 5, 13
List the prime factors of 147402.
2, 3, 19, 431
List the prime factors of 1835.
5, 367
List the prime factors of 75716.
2, 23, 823
List the prime factors of 7040.
2, 5, 11
List the prime factors of 298.
2, 149
List the prime factors of 3178.
2, 7, 227
List the prime factors of 15488.
2, 11
What are the prime factors of 4553?
29, 157
What are the prime factors of 751?
751
List the prime factors of 1290.
2, 3, 5, 43
List the prime factors of 115049.
11, 10459
List the prime factors of 995.
5, 199
What are the prime factors of 53238?
2, 3, 19, 467
List the prime factors of 4204.
2, 1051
What are the prime factors of 1686?
2, 3, 281
What are the prime factors of 9538?
2, 19, 251
List the prime factors of 77496.
2, 3, 3229
What are the prime factors of 9105?
3, 5, 607
What are the prime factors of 33702?
2, 3, 41, 137
List the prime factors of 8695.
5, 37, 47
List the prime factors of 437.
19, 23
List the prime factors of 29685.
3, 5, 1979
What are the prime factors of 3423?
3, 7, 163
What are the prime factors of 1581?
3, 17, 31
What are the prime factors of 32586?
2, 3, 5431
What are the prime factors of 73285?
5, 14657
What are the prime factors of 58451?
58451
List the prime factors of 29279.
19, 23, 67
List the prime factors of 4014.
2, 3, 223
What are the prime factors of 10156?
2, 2539
What are the prime factors of 1402?
2, 701
List the prime factors of 35755.
5, 7151
What are the prime factors of 3874?
2, 13, 149
What are the prime factors of 886?
2, 443
What are the prime factors of 285?
3, 5, 19
What are the prime factors of 1313?
13, 101
What are the prime factors of 484?
2, 11
What are the prime factors of 1921?
17, 113
List the prime factors of 2006.
2, 17, 59
List the prime factors of 3578.
2, 1789
List the prime factors of 914.
2, 457
List the prime factors of 21462.
2, 3, 7, 73
List the prime factors of 135518.
2, 67759
What are the prime factors of 26627?
26627
What are the prime factors of 644?
2, 7, 23
What are the prime factors of 1141?
7, 163
What are the prime factors of 24529?
19, 1291
List the prime factors of 956.
2, 239
List the prime factors of 1400.
2, 5, 7
What are the prime factors of 4374?
2, 3
What are the prime factors of 4624?
2, 17
List the prime factors of 44346.
2, 3, 19, 389
What are the prime factors of 1303?
1303
What are the prime factors of 14963?
13, 1151
What are the prime factors of 38311?
7, 13, 421
List the prime factors of 4181.
37, 113
What are the prime factors of 4547?
4547
List the prime factors of 863.
863
What are the prime factors of 8795?
5, 1759
What are the prime factors of 1280?
2, 5
What are the prime factors of 33771?
3, 11257
List the prime factors of 869.
11, 79
What are the prime factors of 40031?
40031
List the prime factors of 71464.
2, 8933
What are the prime factors of 6828?
2, 3, 569
List the prime factors of 65552.
2, 17, 241
What are the prime factors of 56324?
2, 14081
List the prime factors of 38015.
5, 7603
What are the prime factors of 31365?
3, 5, 17, 41
List the prime factors of 8869.
7, 181
List the prime factors of 7978.
2, 3989
List the prime factors of 137116.
2, 7, 59, 83
List the prime factors of 2499.
3, 7, 17
What are the prime factors of 34677?
3, 3853
What are the prime factors of 9281?
9281
What are the prime factors of 1326?
2, 3, 13, 17
What are the prime factors of 7105?
5, 7, 29
What are the prime factors of 41485?
5, 8297
What are the prime factors of 5074?
2, 43, 59
List the prime factors of 192.
2, 3
List the prime factors of 33006.
2, 3, 5501
List the prime factors of 29351.
7, 599
What are the prime factors of 13975?
5, 13, 43
List the prime factors of 2956.
2, 739
List the prime factors of 114039.
3, 12671
What are the prime factors of 43284?
2, 3, 3607
List the prime factors of 1529.
11, 139
List the prime factors of 1430.
2, 5, 11, 13
What are the prime factors of 10231?
13, 787
List the prime factors of 37394.
2, 7, 2671
What are the prime factors of 1028?
2, 257
List the prime factors of 54.
2, 3
List the prime factors of 54922.
2, 7, 3923
What are the prime factors of 19100?
2, 5, 191
What are the prime factors of 4059?
3, 11, 41
List the prime factors of 18160.
2, 5, 227
What are the prime factors of 2054?
2, 13, 79
List the prime factors of 118525.
5, 11, 431
What are the prime factors of 222?
2, 3, 37
What are the prime factors of 7012?
2, 1753
What are the prime factors of 7283?
7283
List the prime factors of 19.
19
What are the prime factors of 29918?
2, 7, 2137
What are the prime factors of 67651?
67651
What are the prime factors of 17973?
3, 1997
What are the prime factors of 907?
907
What are the prime factors of 60693?
3, 20231
List the prime factors of 15633.
3, 193
List the prime factors of 351.
3, 13
List the prime factors of 412.
2, 103
What are the prime factors of 2598?
2, 3, 433
List the prime factors of 63565.
5, 12713
List the prime factors of 734.
2, 367
What are the prime factors of 337?
337
List the prime factors of 6917.
6917
List the prime factors of 2682.
2, 3, 149
What are the prime factors of 11545?
5, 2309
What are the prime factors of 30?
2, 3, 5
What are the prime factors of 3755?
5, 751
List the prime factors of 2595.
3, 5, 173
List the prime factors of 5704.
2, 23, 31
What are the prime factors of 51308?
2, 101, 127
What are the prime factors of 20753?
20753
What are the prime factors of 4487?
7, 641
List the prime factors of 17679.
3, 71, 83
List the prime factors of 413.
7, 59
List the prime factors of 23781.
3, 7927
List the prime factors of 11547.
3, 1283
What are the prime factors of 27541?
27541
What are the prime factors of 11562?
2, 3, 41, 47
List the prime factors of 4981.
17, 293
What are the prime factors of 1586?
2, 13, 61
What are the prime factors of 55460?
2, 5, 47, 59
What are the prime factors of 18611?
37, 503
What are the prime factors of 57575?
5, 7, 47
What are the prime factors of 2704?
2, 13
What are the prime factors of 18937?
29, 653
List the prime factors of 779.
19, 41
List the prime factors of 5870.
2, 5, 587
What are the prime factors of 8413?
47, 179
What are the prime factors of 105247?
17, 41, 151
List the prime factors of 66.
2, 3, 11
What are the prime factors of 3223?
11, 293
List the prime factors of 24703.
7, 3529
What are the prime factors of 49759?
17, 2927
What are the prime factors of 14137?
67, 211
List the prime factors of 18835.
5, 3767
What are the prime factors of 3780?
2, 3, 5, 7
List the prime factors of 42378.
2, 3, 7, 1009
What are the prime factors of 1389?
3, 463
What are the prime factors of 6302?
2, 23, 137
What are the prime factors of 1918?
2, 7, 137
List the prime factors of 33261.
3, 11087
List the prime factors of 17959.
17959
What are the prime factors of 6696?
2, 3, 31
List the prime factors of 43270.
2, 5, 4327
What are the prime factors of 11686?
2, 5843
What are the prime factors of 44956?
2, 11239
What are the prime factors of 7012?
2, 1753
What are the prime factors of 6?
2, 3
What are the prime factors of 7187?
7187
What are the prime factors of 19411?
7, 47, 59
List the prime factors of 8009.
8009
What are the prime factors of 16677?
3, 17, 109
What are the prime fac